{"id":19,"date":"2025-05-26T08:53:20","date_gmt":"2025-05-26T06:53:20","guid":{"rendered":"http:\/\/lordpicpus.fr\/?page_id=19"},"modified":"2025-05-26T15:50:05","modified_gmt":"2025-05-26T13:50:05","slug":"mentions-legales","status":"publish","type":"page","link":"https:\/\/lordpicpus.fr\/?page_id=19","title":{"rendered":"Mentions l\u00e9gales"},"content":{"rendered":"\n<h2 class=\"wp-block-heading\">Informations :<\/h2>\n\n\n\n<p>Responsable de publication : Lord Picpus<\/p>\n\n\n\n<p>conception et cr\u00e9ation : Lord Picpus<\/p>\n\n\n\n<h2 class=\"wp-block-heading\">H\u00e9bergement du site internet :<\/h2>\n\n\n\n<p>OVH<br>2 rue Kellermann<br>59100 Roubaix \u2013 France<\/p>\n\n\n\n<h2 class=\"wp-block-heading\">Mentions :<\/h2>\n\n\n\n<p>Lord Picpus, dont le si\u00e8ge est situ\u00e9 \u00e0 Saumur, dispose d\u2019un site internet de vente en ligne. Ce site permet de recevoir les commandes de nos clients et les donn\u00e9es collect\u00e9es \u00e0 cette occasion sont enregistr\u00e9es et trait\u00e9es dans un fichier clients.<\/p>\n\n\n\n<p>Ce fichier permet de&nbsp;:<\/p>\n\n\n\n<ul class=\"wp-block-list\">\n<li>G\u00e9rer les commandes, le paiement et la livraison.<\/li>\n\n\n\n<li>Mener des op\u00e9rations de marketing (fid\u00e9lisation, promotions) et adresser des publicit\u00e9s par courriel aupr\u00e8s de nos clients qui ne s\u2019y sont pas oppos\u00e9s ou qui l\u2019ont accept\u00e9\u00a0:\n<ul class=\"wp-block-list\">\n<li>Sur des produits analogues \u00e0 ceux qu\u2019ils ont command\u00e9s.<\/li>\n\n\n\n<li>Sur d\u2019autres produits propos\u00e9s par la soci\u00e9t\u00e9. Par exemple, si un client ach\u00e8te une robe, une cr\u00e8me pour le corps pourra lui \u00eatre propos\u00e9e.<\/li>\n<\/ul>\n<\/li>\n\n\n\n<li>Transmettre les donn\u00e9es de nos clients qui l\u2019ont accept\u00e9 \u00e0 nos partenaires commerciaux, pour leur permettre d\u2019adresser de la publicit\u00e9 (cf. ci-dessous).<\/li>\n<\/ul>\n\n\n\n<h3 class=\"wp-block-heading\">Bases l\u00e9gales des traitements<\/h3>\n\n\n\n<ul class=\"wp-block-list\">\n<li>Gestion des commandes\u00a0: la base l\u00e9gale du traitement est l\u2019ex\u00e9cution d\u2019un contrat (Cf. article 6.1.b) du R\u00e8glement europ\u00e9en sur la protection des donn\u00e9es).<\/li>\n\n\n\n<li>Envoi de sollicitations commerciales par courriel sur des produits analogues \u00e0 ceux command\u00e9s par les clients\u00a0: la base l\u00e9gale du traitement est l\u2019int\u00e9r\u00eat l\u00e9gitime de la soci\u00e9t\u00e9 (Cf. article 6.1.f) du R\u00e8glement europ\u00e9en sur la protection des donn\u00e9es), \u00e0 savoir promouvoir nos produits aupr\u00e8s de nos clients.<\/li>\n\n\n\n<li>Envoi de sollicitations commerciales par courriel sur d\u2019autres produits propos\u00e9s par Lord Picpus\u00a0: la base l\u00e9gale du traitement est le consentement (Cf. article 6.1.a) du R\u00e8glement europ\u00e9en sur la protection des donn\u00e9es), comme l\u2019exige l\u2019article L. 34-5 du code des postes et des communications \u00e9lectroniques.<\/li>\n\n\n\n<li>Transmission de l\u2019adresse \u00e9lectronique aux partenaires commerciaux : la base l\u00e9gale du traitement est le consentement (Cf. article 6.1.a) du R\u00e8glement europ\u00e9en sur la protection des donn\u00e9es).<\/li>\n\n\n\n<li>Tenue de la comptabilit\u00e9 impliquant la conservation des donn\u00e9es pour une p\u00e9riode de 10 ans\u00a0: la base l\u00e9gale du traitement est l\u2019obligation l\u00e9gale (Cf. article 6.1.c du R\u00e8glement europ\u00e9en sur la protection des donn\u00e9es).<\/li>\n<\/ul>\n\n\n\n<h3 class=\"wp-block-heading\">Cat\u00e9gories de donn\u00e9es<\/h3>\n\n\n\n<ul class=\"wp-block-list\">\n<li>Identit\u00e9\u00a0: civilit\u00e9, nom, pr\u00e9nom, adresse, adresse de livraison, num\u00e9ro de t\u00e9l\u00e9phone, adresse \u00e9lectronique, date de naissance, code interne de traitement permettant l&rsquo;identification du client, donn\u00e9es relatives \u00e0 l\u2019enregistrement sur des listes d\u2019opposition.<\/li>\n\n\n\n<li>Donn\u00e9es relatives aux commandes\u00a0: num\u00e9ro de la transaction, d\u00e9tail des achats, montant des achats, donn\u00e9es relatives au r\u00e8glement des factures (r\u00e8glements, impay\u00e9s, remises), retour de produits.<\/li>\n\n\n\n<li>Donn\u00e9es relatives aux moyens de paiement : num\u00e9ro de carte bancaire, date de fin de validit\u00e9 de la carte bancaire, cryptogramme visuel (lequel est imm\u00e9diatement effac\u00e9).<\/li>\n\n\n\n<li>Donn\u00e9es n\u00e9cessaires \u00e0 la r\u00e9alisation des actions de fid\u00e9lisation et de prospection\u00a0: historique des achats.<\/li>\n<\/ul>\n\n\n\n<h3 class=\"wp-block-heading\">Destinataires des donn\u00e9es<\/h3>\n\n\n\n<ul class=\"wp-block-list\">\n<li>Les services clients et facturation de l&rsquo;entreprise sont destinataires de l\u2019ensemble des cat\u00e9gories de donn\u00e9es.<\/li>\n\n\n\n<li>Ses sous-traitants, charg\u00e9s de la livraison de ses commandes, sont destinataires de l\u2019identit\u00e9, de l\u2019adresse et du num\u00e9ro de t\u00e9l\u00e9phone de nos clients.<\/li>\n\n\n\n<li>Les adresses \u00e9lectroniques des clients qui l\u2019ont accept\u00e9 sont transmises \u00e0 de nos partenaires commerciaux\u00a0(liste des partenaires commerciaux, r\u00e9guli\u00e8rement mise \u00e0 jour)\u00a0:\n<ul class=\"wp-block-list\">\n<li>n\u00e9ant<\/li>\n<\/ul>\n<\/li>\n<\/ul>\n\n\n\n<h3 class=\"wp-block-heading\">Dur\u00e9e de conservation des donn\u00e9es<\/h3>\n\n\n\n<ul class=\"wp-block-list\">\n<li>Donn\u00e9es n\u00e9cessaires \u00e0 la gestion des commandes et \u00e0 la facturation : pendant toute la dur\u00e9e de la relation commerciale et dix (10) ans au titre des obligations comptables.<\/li>\n\n\n\n<li>Donn\u00e9es n\u00e9cessaires \u00e0 la r\u00e9alisation des actions de fid\u00e9lisation et \u00e0 la prospection\u00a0: pendant toute la dur\u00e9e de la relation commerciale et trois (3) ans \u00e0 compter du dernier achat.<\/li>\n\n\n\n<li>Donn\u00e9es relatives aux moyens de paiement : ces donn\u00e9es ne sont pas conserv\u00e9es\u00a0; elles sont collect\u00e9es lors de la transaction et sont imm\u00e9diatement supprim\u00e9es d\u00e8s le r\u00e8glement de l\u2019achat.<\/li>\n\n\n\n<li>Donn\u00e9es concernant les listes d&rsquo;opposition \u00e0 recevoir de la prospection<strong>\u00a0:<\/strong> trois (3) ans.<\/li>\n<\/ul>\n\n\n\n<h3 class=\"wp-block-heading\">Vos droits<\/h3>\n\n\n\n<p>Si vous ne souhaitez plus recevoir de publicit\u00e9 de la part de Lord Picpus (exercice du droit d\u2019opposition ou retrait d\u2019un consentement d\u00e9j\u00e0 donn\u00e9), <strong><u>contactez-nous<\/u><\/strong> <em>via le formulaire de contact.<\/em><\/p>\n\n\n\n<p>Si, apr\u00e8s avoir consenti \u00e0 ce que vos donn\u00e9es soient transmises \u00e0 nos partenaires commerciaux, vous souhaitez revenir sur ce choix et ne plus recevoir publicit\u00e9 de leur part, <strong><u>contactez-nous<\/u><\/strong> <em><em>via le formulaire de contact<\/em>.<\/em><\/p>\n\n\n\n<p>Vous pouvez acc\u00e9der aux donn\u00e9es vous concernant, les rectifier ou les faire effacer. Vous disposez \u00e9galement d&rsquo;un droit \u00e0 la portabilit\u00e9 et d\u2019un droit \u00e0 la limitation du traitement de vos donn\u00e9es (Consultez le site&nbsp;cnil.fr pour plus d\u2019informations sur vos droits).<\/p>\n\n\n\n<p>Pour exercer ces droits ou pour toute question sur le traitement de vos donn\u00e9es dans ce dispositif, vous pouvez contacter notre DPO.<\/p>\n\n\n\n<ul class=\"wp-block-list\">\n<li>Contacter notre DPO par voie \u00e9lectronique : <a href=\"mailto:dpo@abcd.fr\">dpo@lordpicpus.fr<\/a><\/li>\n\n\n\n<li>Contacter notre DPO par courrier postal :<\/li>\n<\/ul>\n\n\n\n<p>Si vous estimez, apr\u00e8s avoir contact\u00e9 Lord Picpus, que vos droits \u00ab\u00a0Informatique et Libert\u00e9s\u00a0\u00bb ne sont pas respect\u00e9s, vous pouvez adresser une r\u00e9clamation en ligne \u00e0 la CNIL.<\/p>\n\n\n\n<h2 class=\"wp-block-heading\">Conditions g\u00e9n\u00e9rales d&rsquo;utilisation :<\/h2>\n\n\n\n<p>Sur simple demande (rubrique Contact)<\/p>\n\n\n\n<h2 class=\"wp-block-heading\">Droits d\u2019auteur :<\/h2>\n\n\n\n<p>Toute reproduction totale ou partielle du design, des textes, des photos ou des mises en page est interdite, conform\u00e9ment aux dispositions de l\u2019article L. 122-4 du Code de la propri\u00e9t\u00e9 intellectuelle. Tout contrevenant sera passible de poursuites judiciaires pour contrefa\u00e7on.<\/p>\n\n\n\n<p>Cr\u00e9dits : Lord Picpus<\/p>\n","protected":false},"excerpt":{"rendered":"<p>Informations : Responsable de publication : Lord Picpus conception et cr\u00e9ation : Lord Picpus H\u00e9bergement du site internet : OVH2 rue Kellermann59100 Roubaix \u2013 France Mentions : Lord Picpus, dont le si\u00e8ge est situ\u00e9 \u00e0 Saumur, dispose d\u2019un site internet de vente en ligne. Ce site permet de recevoir les commandes de nos clients et [&hellip;]<\/p>\n","protected":false},"author":1,"featured_media":0,"parent":0,"menu_order":7,"comment_status":"closed","ping_status":"closed","template":"page-no-separators","meta":{"footnotes":""},"class_list":["post-19","page","type-page","status-publish","hentry"],"_links":{"self":[{"href":"https:\/\/lordpicpus.fr\/index.php?rest_route=\/wp\/v2\/pages\/19","targetHints":{"allow":["GET"]}}],"collection":[{"href":"https:\/\/lordpicpus.fr\/index.php?rest_route=\/wp\/v2\/pages"}],"about":[{"href":"https:\/\/lordpicpus.fr\/index.php?rest_route=\/wp\/v2\/types\/page"}],"author":[{"embeddable":true,"href":"https:\/\/lordpicpus.fr\/index.php?rest_route=\/wp\/v2\/users\/1"}],"replies":[{"embeddable":true,"href":"https:\/\/lordpicpus.fr\/index.php?rest_route=%2Fwp%2Fv2%2Fcomments&post=19"}],"version-history":[{"count":1,"href":"https:\/\/lordpicpus.fr\/index.php?rest_route=\/wp\/v2\/pages\/19\/revisions"}],"predecessor-version":[{"id":21,"href":"https:\/\/lordpicpus.fr\/index.php?rest_route=\/wp\/v2\/pages\/19\/revisions\/21"}],"wp:attachment":[{"href":"https:\/\/lordpicpus.fr\/index.php?rest_route=%2Fwp%2Fv2%2Fmedia&parent=19"}],"curies":[{"name":"wp","href":"https:\/\/api.w.org\/{rel}","templated":true}]}}